it of f?
7
Let q be (-3 + -3)/(-3)*3. Let r be (-5)/((-10)/(-8)) - -256. Suppose i - r = -q*i. What is the tens digit of i?
3
Let q = -12 + 2. Let d be ((-6)/q)/(7/175). Let i(o) = o**3 - 15*o**2 + o - 2. What is the units digit of i(d)?
3
Let l(p) = 9*p**2 - 74*p - 15. What is the tens digit of l(-8)?
5
Suppose 0 = -3*m + 2*h + 240, m + h - 78 = 7. What is the tens digit of m?
8
Suppose 64*g - 9290 = 59*g. What is the units digit of g?
8
Suppose -4*t + 2 = -2. Let i be (-24)/(-12) + -1*t. What is the units digit of (-213)/(i/1*-3)?
1
Let u(c) = -3 - 4 + 6 + 9*c + 7. What is the tens digit of u(11)?
0
Let m(b) = 18*b - 8. Let f(p) = 9*p - 4. Let r(i) = 5*f(i) - 3*m(i). Let v be r(5). What is the units digit of (-4)/(4 + 0) - v?
0
Let d be (4/4 + -3)*1. Let t be (5 + -1)/(d/(-3)). Suppose t*k - 69 = 3*k. What is the tens digit of k?
2
Suppose -2*f = 4*b - 6, 5*b - 2*b = -5*f - 13. Suppose 6*g + 84 = 2*v + 2*g, -198 = -b*v - 2*g. What is the units digit of v?
8
Let c(v) be the second derivative of -v**3/6 + 19*v**2 - 45*v. What is the units digit of c(8)?
0
Let m = -26 - -44. Let p = 14 - m. What is the units digit of (p/(-6))/((-34)/(-1683))?
3
Let c(n) = n**3 - n**2 + 2*n + 1. Let t be c(6). Suppose 0 = -f + 3*r + 2*r + t, f + 2*r = 158. Suppose -6*l + f = -2*l. What is the units digit of l?
2
Let d be 11*(-3)/(-3)*-1. Let b(l) = l**2 - 3*l - 9. Let y be b(5). What is the tens digit of y/(2 + 21/d)?
1
Suppose -39 = -2*n + n - 4*u, 0 = -5*n - 3*u + 178. Let p = -16 + n. What is the tens digit of p?
1
Let w(q) = 9*q**2 + 8*q - 5. Let z(y) = 5*y**2 + 4*y - 3. Let i(k) = -6*w(k) + 11*z(k). Let g be i(5). Suppose g*o - 22 = 18. What is the units digit of o?
0
Let y = -148 - -72. Let s = -62 - y. What is the units digit of s?
4
Suppose -3*l - 1056 = -3*a - 4*l, 2*a + 4*l - 714 = 0. What is the units digit of a?
1
Let l(w) = 5*w + 4*w - 10*w**2 + 15*w**2 + 2 - 6*w**2. Let x(k) = -4*k - 1. Let i(p) = -4*l(p) - 9*x(p). What is the units digit of i(-3)?
7
Suppose -4*u + 0*m + 16 = -4*m, 0 = 3*u - 5*m - 20. Suppose 0 = -4*c + 3*i + 18, 0*i + 2*i = -4. Suppose u = c*o - 44 + 8. What is the units digit of o?
2
Suppose -t - 23 = -0*t. Let i = t + 59. What is the tens digit of i?
3
Let q be (2 - -6)*(-1 - -56 - 1). Suppose -2*s + q = 2*s. What is the tens digit of s?
0
Suppose 11*w - 425 = 12*w. Let k = -139 - w. What is the units digit of k?
6
Let u be 4 + (2 - 8) + 4. Suppose -u*f = 7 - 11. Suppose -d = -f*d + 3, -c + 2*d = -12. What is the tens digit of c?
1
Let y(v) = -8*v - 13. Let o be y(-10). What is the units digit of o - (-1 + 3)*-2?
1
Suppose 0 = -2*l + 4*l - 10. Suppose -h - 12 = -l*h. Suppose 0 = -2*k + 7 + h. What is the units digit of k?
5
Let s(d) = 48*d**2 + 17*d + 22. What is the tens digit of s(-3)?
0
Let c = 461 + -436. Let f = -20 - -35. Let k = c - f. What is the units digit of k?
0
Suppose -b = -2*b + 7. Let s = b - 2. Suppose 2*t - 2*l - 12 = 6, -4*t - s*l = -72. What is the tens digit of t?
1
Suppose -3*k - f + 5029 = 0, k - 819 = 5*f + 884. What is the tens digit of k?
7
Let q(w) = -3 + 7 - 2*w**2 + 0 - w. Let b be q(0). Suppose -3*z - 12 = -b*z. What is the tens digit of z?
1
Suppose -d - 5 = 0, 5*d - 5116 = -2*w - 503. What is the thousands digit of w?
2
Suppose 0 = -4*z + 2*z + 242. Suppose -z = -3*j - 5*t, 0 = 8*j - 4*j - 2*t - 144. What is the units digit of j?
7
Let n = -23 + 23. Suppose 0 = 3*w + 4*l + 8, -4*w + 2*l + 5 = 1. Suppose i + n - 6 = w. What is the units digit of i?
6
Let h be (3 + -4 - 0)/((-1)/2). Suppose -h*t + 4*i + 12 = 0, -4*i + 30 = 4*t - 42. What is the units digit of t?
4
What is the tens digit of (-738)/(7 - 186/24)?
8
Suppose 0 = -0*w + 4*w. Suppose w = -3*i + 10 - 1. Suppose -i = -a + 32. What is the tens digit of a?
3
Let d = -19 + 118. Suppose -2*j - y + 339 = 2*j, -j + d = 5*y. What is the units digit of j?
4
Let y = 11 - 14. What is the hundreds digit of y/(-6) + 4 + (-247)/(-2)?
1
What is the tens digit of (-105)/(-15) + 1571 + 1 + -2?
7
Let i(z) = 14*z**2 + 10*z + 19. What is the tens digit of i(13)?
1
Suppose 19*f - 1408 = -3*f. What is the units digit of f?
4
Let r(c) = -20*c - 3. Let v be r(-4). Let b = v - 54. Let i = b + -6. What is the tens digit of i?
1
Suppose 2*n + d - 1065 = 6*d, -2*n + d = -1085. What is the hundreds digit of n?
5
Let f(v) = -v**3 - 5*v**2 - 3*v - 10. Let u be f(-5). Suppose -2*y = 3*s - 202, 5 = u*s - 5. What is the units digit of y?
8
What is the hundreds digit of (-2 - 1) + (-231 - -11)*-2?
4
Suppose 15 = 5*x - 5*t, 0 = -0*x - 2*x + 5*t. Let n(b) be the first derivative of 5*b**2/2 - 2*b + 1. What is the tens digit of n(x)?
2
Suppose 5*l - a = a + 17, 5*a - 5 = 3*l. Suppose 0 = -l*s - 46 + 16. Let d = s + 42. What is the units digit of d?
6
Let c be 2/(-4) + (-45)/(-18). Suppose -c*y + 3*q = -47, 2*y = 3*y + q - 21. What is the units digit of y?
2
Let j(z) = 2*z + 2. Let k(m) = m**2 + 9*m - 12. Let a be k(-10). Let n = a - -6. What is the tens digit of j(n)?
1
Let a(d) = d**2 - 3*d + 4. Let c be a(4). Let n(w) = w**2 - 34*w + 27*w + 4 - 1. What is the tens digit of n(c)?
1
Suppose -q + 0*q + f + 96 = 0, -q = -2*f - 97. Suppose 29 = -k + q. What is the units digit of k?
6
Suppose -11015 = -11*p + 27551. What is the tens digit of p?
0
Let b be 213/(-12)*(-2 - (1 - -1)). Let k be (-186)/(-4) + (-7)/(-14). Let h = b - k. What is the units digit of h?
4
Suppose -l + r + 190 = -4*l, -140 = 2*l + 4*r. Let z = 167 + l. What is the hundreds digit of z?
1
Let r(x) = 2*x**2 + 8*x - 7. Let c be r(-5). Suppose -c*i - l + 172 = 0, -19 - 41 = -i - 3*l. What is the tens digit of i?
5
Let w be 1/((-16)/(-892)) + (-2)/(-8). Suppose -b + 2*y - 5 - 26 = 0, 3 = -b - 5*y. Let f = w + b. What is the tens digit of f?
3
Suppose -2*q - 5*f = -320, 0 = -3*q - 4*f + 2*f + 480. Suppose 153 = 5*g - 3*n - 23, -5*g = 5*n - q. What is the tens digit of g?
3
Suppose i - 2*a + 3 = -3, -22 = -i - 5*a. Suppose 2*r = i + 54. What is the tens digit of r?
2
Let p(r) = 3*r**3 + 3*r**2 - 4*r - 6. Let h be p(6). Suppose 5*b - h = 109. What is the units digit of b?
7
Suppose 0 = -5*p + f - 14, -p - 10 = 5*f - 2. What is the hundreds digit of -1 + 513/3 + p + 0?
1
Let n be (-1 - 11)*2/(-3). Suppose -c + 5 = j, 0 = n*c - 3*c. Suppose 57 = j*a - 43. What is the units digit of a?
0
Suppose -5*m - 56 - 79 = 0. What is the units digit of (-1881)/m - 1/(-3)?
0
Let s(b) = 31*b**2 - 15*b + 2. What is the units digit of s(-4)?
8
What is the hundreds digit of (-2)/4*53/((-848)/9120)?
2
Suppose 0 = -31*o + o + 31290. What is the tens digit of o?
4
Let h be -1 - 48/(10/(-5)). Let b = h + -14. What is the units digit of b?
9
Suppose 5*r = 8*r. Suppose 2*p - 14 - 10 = r. Suppose -144 = -4*x + p. What is the tens digit of x?
3
Suppose 0*d = d - 15. What is the tens digit of 146 - (0 - d)/5?
4
Let z = -15 - 1. Let q = z + 18. Suppose q*x = x + 5. What is the units digit of x?
5
Let q(w) = 2*w - 15. Let u(s) = -s. Let f(z) = -q(z) + 3*u(z). What is the tens digit of f(-8)?
5
Let r(l) be the third derivative of 7*l**6/120 + l**5/30 + l**4/24 - l**3/6 + 3*l**2. What is the units digit of r(2)?
5
Let c(s) = 2*s**2 + 11*s - 69. What is the units digit of c(-14)?
9
Let s = 8 + -19. Let y = s - -16. Suppose 0 = 4*u + y*q - 182, u + 2*q - 39 = 4*q. What is the units digit of u?
3
Let a(c) = 14*c + 19. Let n be a(8). Let h = -77 + n. What is the units digit of h?
4
Let z = -581 - -830. What is the hundreds digit of z?
2
Let k(r) = -r**3 - 7*r**2 + 7*r + 1. Let p be k(-8). Suppose -t + 4*q - 193 = 2*q, 5*q + 20 = 0. What is the tens digit of p/(-12) - t/12?
1
Suppose -20*s = -4672 - 33168. What is the hundreds digit of s?
8
Let r(g) = -g**3 + 27*g**2 + 33*g + 93. What is the units digit of r(28)?
3
Suppose 0*f + 117 = 3*h - f, f = 0. Suppose -4*v + 6*v - 89 = -3*o, -3*v = o - h. What is the units digit of o?
7
What is the hundreds digit of (-4004)/(-4 - 3) - -5?
5
Suppose 0 = 4*p + 142 - 50. Let h = p + 20. Let f(i) = -6*i + 1. What is the units digit of f(h)?
9
Let t(y) = y**3 - y**2 + 2*y - 1. Let p be t(1). Let j be p/(-6) + (-889)/(-6). What is the units digit of j/3 - (-3)/(-9)?
9
Suppose -28 = -s + 7. Let z = 98 + -115. Let y = z + s. What is the tens digit of y?
1
Let c(h) = -3*h**2 - 4*h**2 + 2*h**2 + h**3 + 2*h**2 - 4 - 4*h